Let o(b) = -b**2 - 72*b - 18. Let y be o(-12). Calculate the highest common divisor of y and q.
26
Suppose -100*z + 4260 = -40*z. What is the greatest common divisor of 2201 and z?
71
Suppose 64*a + 60 = 76*a. Suppose a*y = -4*y + 99. Calculate the greatest common divisor of y and 55.
11
Let f = 4083 + -3228. Let z be (-76)/3*(-9)/2. What is the greatest common factor of f and z?
57
Let u be (-15)/(-35) + (-100)/(-28). Let l be (-8)/(-6)*6 - u. Suppose 27*o + 72 = 36*o. Calculate the greatest common divisor of o and l.
4
Suppose -7563 = 3*k - 12*u + 13*u, 0 = 5*u + 15. Let h be ((-12)/(-30))/((-4)/k). Calculate the highest common factor of h and 14.
14
Let i be (-90)/(-75) + (-12)/(-15). Suppose 551 = n - 3*a, -i*n - 6*a = -7*a - 1117. Calculate the greatest common divisor of 160 and n.
80
Let i be 6/(-10)*310/(-558) + 276/9. What is the greatest common divisor of i and 2573?
31
Let i be 15/(17/5 - (-2)/(-5)). Suppose 2*j - i*w - 6 = 0, -w = -5*j - 2*w + 69. What is the highest common divisor of j and 2?
1
Suppose 4*q = 4 + 20. Let y be 8/(-5)*585/(-78). Calculate the highest common factor of y and q.
6
Suppose -5*u + 5590 = 8*u. Let o = u - 415. Let h = 3 - -7. What is the greatest common factor of h and o?
5
Let u be (-7677)/(-6)*(-376)/(-282). What is the highest common factor of 2 and u?
2
Suppose -5*o + 0*o = -2*o. Suppose o*n = n - 32. Calculate the greatest common divisor of 24 and n.
8
Suppose 3*a + 2*d - 457 = 0, 5*a + 2*d = d + 771. Let r = a - -153. Suppose -3*l = l - r. Calculate the highest common factor of 22 and l.
11
Suppose 4*v + 4*a = 40, -20*a = -3*v - 15*a + 54. Let p be 401/v + 18/117. Calculate the highest common factor of 341 and p.
31
Let j(b) = -5 + 6*b - b**3 - 7*b + 0*b - 18*b**2 + 0*b**3 - 4*b. Let i be j(-18). Calculate the highest common factor of i and 15.
5
Let i(v) = v**3 - 5*v**2 - 23*v + 216. Let o be i(8). Calculate the greatest common factor of o and 320.
32
Suppose 7*v = -y + 6*v + 5, 4*y + v - 11 = 0. Suppose -2*t - 2*t = 5*l - 18, -y*l + 3 = 3*t. Calculate the highest common factor of l and 10.
2
Let n(s) = -s**3 + 3*s**2 + 9*s - 4. Let b = 48 - 44. Let o be n(b). Calculate the highest common divisor of o and 4.
4
Let w be (2 + 7 - 2) + -2. Let k be (-2331)/(-21) + -2*3/6. Calculate the highest common factor of w and k.
5
Suppose -3*m + 128 = 98. Suppose -2*n = m - 34. What is the greatest common divisor of n and 60?
12
Let z = -10432 - -10720. Calculate the greatest common factor of 99 and z.
9
Let n = 1800 + -1779. Suppose 5*s = 61 + 324. What is the highest common factor of s and n?
7
Suppose -3*a + i + 40 = 0, i = 5*a - 69 + 1. Let k be -5 - 2 - -459 - (-8)/(-2). Calculate the greatest common factor of k and a.
14
Let d = -6849 + 6859. Calculate the greatest common factor of 8110 and d.
10
Let a be 8/3 + 1/3. Let f(t) = t**3 - 9*t**2 + 17*t - 17. Let k be f(7). Calculate the greatest common factor of k and a.
1
Let u = 24 + 18. Suppose 0 = -5*r - 4*d + 3117 - 1146, -4 = 3*d + 14. What is the greatest common factor of r and u?
21
Suppose -328682 = -34*m - 66508. What is the highest common factor of m and 22?
11
Let i be 0/((40/(-2))/(-10)) - -14. What is the greatest common divisor of 254 and i?
2
Let i be (-15)/5 - 17574/(-58). Calculate the highest common divisor of 10 and i.
10
Let n be 14 + (12/3 - 0). Let g be (6 + -7)/(2/32). Let h be 2/g - (-4332)/96. What is the highest common divisor of h and n?
9
Let b(a) = -33*a + 101. Let f be b(3). Suppose -f*o + 4*q - 934 = -5*o, 3*q + 307 = o. What is the greatest common factor of o and 31?
31
Let j(c) = c**2 - 2*c - 7. Let t be j(-6). Suppose -2*s = -4*x - 7*s + t, 4*s = 2*x + 12. What is the greatest common divisor of 16 and x?
4
Let a(i) = 2*i**3 - 3*i**2 + i - 9. Let j be a(4). Let d be ((-1)/(-4))/(j/900). What is the greatest common factor of d and 54?
3
Suppose -4*n + 876 = -5*z, z + 60 = 56. Calculate the highest common divisor of 8239 and n.
107
Let g = -11 - 9. Let j(n) = -8*n**3 + n + 1. Let d be j(2). Let z = g - d. Calculate the highest common factor of 82 and z.
41
Let d(r) = -3*r**2 - 57*r - 237. Let b be d(-10). Suppose 2805 = 2*s + 3*s. What is the highest common divisor of s and b?
33
Let a(v) = 282*v + 3995. Let t be a(-14). Calculate the greatest common factor of t and 22513.
47
Let m(h) = -h**3 + 30*h**2 - 29*h + 38. Let b be m(29). Let p be (-121 - b)*1*-1. What is the greatest common factor of p and 53?
53
Let z be (32 - 33) + 1 + 2128. What is the highest common factor of z and 336?
112
Suppose 0 = 5*c - 60*n + 57*n - 17754, 0 = 3*n - 6. What is the greatest common divisor of c and 333?
111
Suppose 5*u = 4*o - 31074, 0 = -29*o + 33*o + 2*u - 31116. What is the highest common divisor of 36 and o?
36
Let m(g) = 16*g**2 + 232*g - 13. Let y be (-5 - (-5 + -3))/(6/(-32)). Let n be m(y). Calculate the greatest common divisor of n and 21.
7
Suppose 5*z - 41 = -r, -4*z + z = -r - 31. Let d = 8 + -5. Suppose -b + 80 = 3*j, d*b + 5 + 25 = j. What is the greatest common divisor of j and z?
9
Let c(r) = -2*r**3 - 17*r**2 - 37*r - 214. Let l be c(-8). Calculate the greatest common factor of l and 414.
18
Suppose 2*n + 5*d = 105, -4*n = 5*d - 272 + 47. Calculate the greatest common divisor of n and 4980.
60
Let b(p) = 6*p**2 + 61*p - 1138. Let d be b(24). Calculate the highest common factor of d and 244.
122
Let g = -59 - -64. Let l(o) = 0*o + 2*o - 5*o**3 + 8*o**3 - 2*o**2 - 4 - 2*o**3. Let d be l(g). Calculate the highest common divisor of 9 and d.
9
Let y(r) = -52*r - 961. Let d be y(-25). What is the greatest common divisor of d and 1?
1
Suppose -247*d - 1544 = -251*d + j, 0 = 3*j + 12. What is the highest common factor of 350 and d?
35
Let z(d) = d + 41. Let b be z(-17). Let c(o) = 3*o**2 - 2*o + 1. Let x be c(-2). Suppose 5*i = 13 + x. Calculate the highest common divisor of i and b.
6
Suppose t + 1 = 0, 4 = 4*r + 5*t - 3. Suppose r*v - 478 = 2*z - 4*z, -v - 494 = -2*z. What is the highest common divisor of z and 105?
35
Let d be ((-64)/(-96))/((-8)/(-2304)). What is the greatest common divisor of 640 and d?
64
Suppose -360 = -2*c - 4*v + 5*v, -5*c + 4*v = -894. Suppose -146 = -3*a + 2*q, 2*a - 98 + 9 = 3*q. Calculate the highest common factor of c and a.
26
Let d(v) = 34*v + 13. Let w be d(-4). Let z = w - -60. Let k = -37 - z. What is the highest common divisor of 39 and k?
13
Suppose 2*d = 2*r - 29738, 4*r + 11*d - 16*d = 59481. Calculate the greatest common factor of 16 and r.
16
Let j = 11 + 22. Suppose 2158*y - 1523791 = 489*y - 587482. Calculate the greatest common divisor of j and y.
33
Let u(h) = 44*h - 1432. Let b be u(33). What is the greatest common factor of b and 1850?
10
Suppose 5*j + 19953 = 2*l, -j = -10*l + 59494 + 40343. What is the highest common factor of 96 and l?
96
Suppose -15*g + 12*g - 34*g + 37 = 0. What is the highest common divisor of 503 and g?
1
Let h be 10 + (202 - 2/(-4)*8). What is the greatest common divisor of 486 and h?
54
Let c be (-6170)/(-5) - (-10 - (7 + -19)). What is the highest common factor of c and 238?
14
Suppose 30*j - 17943 = -5523. Suppose i - 2*z - 55 = z, -z - 49 = -i. Calculate the highest common factor of j and i.
46
Let x(i) = -22*i**2 - 17*i + 3570. Let j be x(0). Calculate the greatest common factor of j and 90.
30
Suppose 257*z = 256*z - 4*r + 46634, 3*z + 3*r = 139857. What is the highest common divisor of z and 102?
102
Let f be 213 - 3/(-1 + 4). Suppose 10*y - f = 6*y. Suppose -10*r = -183 + y. What is the greatest common divisor of r and 78?
13
Let o(v) = 616*v - 7284. Let t be o(12). Suppose 0 = -4*s + 2*k - 24, -s - 4*k + 12 = 0. Let n be 716/10 - s/10. What is the greatest common divisor of t and n?
36
Suppose 98*i + o + 253 = 103*i, -9 = 3*o. What is the highest common factor of 12750 and i?
50
Let u = 1045 - 1032. Calculate the greatest common divisor of 2197 and u.
13
Let z be (5/3)/((-9)/(-27)) - -356. Let g = -91 + z. Calculate the highest common divisor of g and 10.
10
Let f = 2204 + -1620. Calculate the greatest common divisor of f and 73.
73
Let v = 3747 + -2857. What is the greatest common divisor of 267 and v?
89
Let o(i) = -19*i**3 + 157*i**2 - 38*i - 6. Let j be o(8). Let d = 235 + 275. What is the highest common divisor of d and j?
10
Suppose 22*p - 2*p - 